ve of -g**4/24 + 5*g**3/3 + 21*g**2. Determine h(s).
4
Let f(c) = -113 - 7 - 3*c**3 - 10*c**2 + 125 - 4*c. Determine f(-4).
53
Let u be 4 + 0 - (2 - 0). Let v(q) = -13*q**2 - 6*q - 7. Let a(g) = 28*g**2 + 13*g + 15. Let i(b) = 6*a(b) + 13*v(b). Give i(u).
-5
Let a = 15911 + -15886. Let d(j) = -j**3 + 26*j**2 - 21*j - 55. Calculate d(a).
45
Suppose v - 11 = -2*h, -2*h = -6 - 4. Let a(k) = 5*k**2 - 9*k + 6. Let i(c) = c**2 - c + 2. Let o(y) = v*a(y) - 6*i(y). Give o(-3).
-6
Let v(m) be the third derivative of m**5/60 + m**4/6 + 5*m**3/6 + 3*m**2. Let f = -1567 - -1563. What is v(f)?
5
Suppose 4*l = -3*j - 39, -4*l + 28*j - 30*j = 42. Let w(k) = -k**2 - 19*k - 84. Calculate w(l).
0
Let p = -22 - -32. Let q(j) = -j + 10*j - 2 + 14 - 951*j**3 + 952*j**3 - 11*j**2. What is q(p)?
2
Suppose -2*j + i - 2*i + 30 = 0, -4*i - 40 = -2*j. Suppose -5*t + 10 = -x - j, 4*x + 12 = -3*t. Let z(w) = w + 7. Give z(x).
1
Suppose -i + 14*n - 18*n = 22, -4*i - 168 = -4*n. Let z(y) = -y**3 - 38*y**2 + 3*y + 76. Calculate z(i).
-38
Suppose 0 = 9*i + 290 + 34. Let j = -31 - i. Suppose 4*b + j*g - 11 = 10, 3*b - 9 = 3*g. Let w(t) = -5*t + 2. Calculate w(b).
-18
Let t(g) be the third derivative of g**4/8 - g**3/6 + 11*g**2. Suppose -27*d = -13 - 68. What is t(d)?
8
Let x(r) = 200*r + 14 + 210*r - 627*r + 212*r. Give x(7).
-21
Suppose -5*i - 5*v = 3 - 8, -5*i - 3*v = -7. Let x(s) = -12 + 5*s + s + 9 + s**i. Let j = -109 - -103. Determine x(j).
-3
Let w(k) = -9*k**2 - 5*k + 4. Suppose 49*t - 119 = -9*t - 61*t. Calculate w(t).
-10
Suppose -1061 = -3*t + 5*n, -4*n = -5*t - 458 + 2235. Suppose -6*k = -t + 27. Let s = k + -52. Let c(a) = -a - 1. What is c(s)?
-4
Let a(w) be the third derivative of -w**6/120 - 3*w**5/20 + 5*w**4/12 - w**3/2 - 6607*w**2. Calculate a(-10).
-3
Let j(u) = -23*u + 1 - u**2 + 14*u + 11*u + 3. Let d be j(-2). Let p(n) = n**3 + 4*n**2 + 3*n - 5. Give p(d).
-17
Suppose -11*a - 234 - 146 = 8*a. Let g(k) = -k**3 - 20*k**2 + 2*k + 7. Calculate g(a).
-33
Let t(p) = -45*p - 3241. Let u be t(-72). Let y(i) = 24*i - 1. Give y(u).
-25
Let u(d) = -2*d**3 - 36*d**2 - 3*d - 60. Let r be 282/(-9729) + 4960/(-276). Give u(r).
-6
Suppose 0 = 5*c + 20, 3*g - 2*c - 16 = 5*g. Let n(y) = 7*y + 16. Give n(g).
-12
Let u(v) = v**3 - 7*v**2 - 22*v + 39. Let p be u(9). Let l(i) = -i**3 + i**2 + 4*i + 3. Determine l(p).
-3
Let k(c) = 5*c - 3*c**2 - 9*c**3 - 5*c**3 + c**3 + 6*c**2 + 14*c**3 - 2. Determine k(-3).
-17
Let y(j) = j**2 + 8*j - 3. Let r(k) = -k**2 - 56*k - 250. Let g be r(-5). Suppose -5*m - 5*b = -7*b + 12, 3*b + 32 = -g*m. Give y(m).
-19
Let c(d) = d**2 - 24 - 12*d + 31 - 26. Let j(v) = 2*v**3 - 41*v**2 - 17*v - 71. Let u be j(21). Determine c(u).
-6
Suppose -2*g + 28 = 18. Let s(l) = -g + 15454*l - 1 - 15455*l. Let t be (7/(-1)*1)/1. Give s(t).
1
Suppose 4*i - 11 - 1 = 0. Suppose 2*u + i = -9. Let l(z) = -14*z - 8*z**2 - 31*z**3 - 8 + 6*z + z**2 + 30*z**3. Give l(u).
4
Let p(s) = 5*s**3 + 9*s**2 - 7*s - 10. Let x(b) = -6*b**3 - 9*b**2 + 8*b + 11. Let v(l) = 5*p(l) + 4*x(l). Let y(c) = -177*c + 522. Let u be y(3). Give v(u).
21
Let o be ((-14)/34)/(458/(-3893))*-1*8. Let d(f) = -16*f - 459. Give d(o).
-11
Let v(d) = d**2 + 83*d + 595. Let b be v(-8). Let j(m) be the first derivative of 3*m**2 + 5/3*m**3 + 5*m + 2 + 1/4*m**4. Give j(b).
-25
Suppose -5*y + 15 = 0, -5*n + 5*y + 39 = -56. Suppose -3*g - n = -5*g. Let o(m) = 3*m + 1 + 0 - g*m**2 + 1 + 10*m**2. Give o(3).
2
Let x(t) be the first derivative of t**3/3 + 3*t**2/2 - 11*t - 2068. Give x(-4).
-7
Let h(r) be the first derivative of 0*r - r**3 - 6 + 1/2*r**2. Let s(f) = f**2 - 18*f - 38. Let j be s(20). Give h(j).
-10
Let r(g) be the first derivative of -1/3*g**3 + 1/3*g**4 - 10*g - 5/2*g**2 + 1/20*g**5 + 21. Let s(z) be the first derivative of r(z). Determine s(-4).
3
Let q = -5788 - -5780. Let d(p) = 5 - 4 + p + 1. Give d(q).
-6
Let x(u) be the first derivative of -u**2/2 - u + 6. Let s = 3 + -3. Suppose s = 2*q + q. What is x(q)?
-1
Let b(l) = 2*l + 25. Suppose 123 = -4*u + 5*h, 134*u + 3*h = 136*u + 65. Give b(u).
-19
Let v = 10825 + -10823. Let u(f) = 33*f - 57. Give u(v).
9
Let g(a) be the first derivative of -a**2/2 + 5*a - 4507. What is g(23)?
-18
Let d(u) = 18*u**3 + 13*u**2 - 16*u - 23. Let j(t) = -8*t**3 - 6*t**2 + 8*t + 12. Let h(n) = 3*d(n) + 7*j(n). Determine h(-3).
18
Let j(s) = 1. Let q(m) = -3 + 3*m + 2 - 2*m. Let z(k) = -4*j(k) - q(k). Let o be ((-5 - -2)/3)/(13/65). Determine z(o).
2
Let z(y) = y**2 - 7*y + 6. Suppose -81*g + 7 = -74*g. Suppose 0 = -t - n - g, 0 = 5*t - n - 25. What is z(t)?
-6
Let v(x) = -2*x + 14. Suppose 3 = -3*r + 3*w, -5*w - 1 = -4*r - 6. Let f be (-12464)/(-820) + (1 + r)/(-5). Determine v(f).
-16
Let s(y) be the second derivative of -y**5/20 + 23*y**4/12 - 14*y**3/3 + 135*y**2/2 - 1289*y. What is s(22)?
3
Let w(p) be the first derivative of p**4/4 + 3*p**3 + 5*p**2 + 10*p - 61. Let d(b) = b**3 + 8*b**2 + 6*b - 2. Let x be d(-7). Suppose -x*m - 28 = 12. Give w(m).
-6
Suppose 11*o - 7 = 18*o. Let a be (-1)/(o/(1 + 5)). Let r(s) = s**3 - 6*s**2 - 5. Determine r(a).
-5
Let h(s) = s**2 + 13*s + 19. Let j(t) = -2*t**2 - 28*t - 34. Let k(a) = 7*h(a) + 3*j(a). Calculate k(-8).
39
Let l(y) = 6774 - 13553 + 6778 - 5*y. Give l(-1).
4
Let t(l) = 5*l - 30. Let y(j) = 24*j - 150. Let n(v) = -14*t(v) + 3*y(v). Let h be (-1)/(2/76*-4 - 35/(-1235)). Calculate n(h).
-4
Let d(l) = -14*l + 174. Let n be d(13). Let r(c) = c**3 + 8*c**2 + c + 2. Let i be r(n). Let f(u) = 0 + 3*u**3 - 2*u**3 + 9*u + 7 + 7*u**2. Calculate f(i).
-11
Let l(w) = 2*w - 15. Let u(f) = 4*f**3 + 167*f**2 - 40*f + 94. Let h be u(-42). Give l(h).
5
Suppose 73*t = 2*t - 426. Let x(j) be the first derivative of 3*j**2/2 + 6*j + 1. Give x(t).
-12
Let k(p) = -p**2 + 6*p + 107. Suppose 2*h - 3*y - 34 = 0, 4*h = -2*y - 1804 + 1856. Give k(h).
-5
Let g(k) = 11*k + 137. Let n(x) = 118*x + 696. Let d be n(-6). Give g(d).
5
Suppose 8 = 4*b, -2*b + 0*b - 2 = -3*k. Let t(j) = j**2 - k*j**2 + 1 + 11*j - 10*j. Suppose -3*m - 3*i = 18, 4 + 8 = -m - 3*i. What is t(m)?
-11
Let f(z) be the third derivative of 25*z**4/24 - z**3/3 - 2*z**2 + 6*z - 229. What is f(6)?
148
Let t(u) = -24*u + 24. Let z be 1080/110 + -10 + (-306)/11. Let i(b) = 5*b - 5. Let q(f) = z*i(f) - 6*t(f). Give q(2).
4
Let q(l) be the second derivative of -l**5/20 + l**4/2 - 2*l**3/3 - 500*l. Let g(i) = -i - 6. Let d be g(6). Let h be ((-5)/(-4))/((-3)/d). Determine q(h).
5
Let l be 2/(5/30 + 0/(-2)). Let q(u) = 20 - u**2 + l*u - u - 2*u - 11. Give q(9).
9
Let u = 291 + -295. Let c(b) = -5*b**2 - 9*b - 5. Let n(g) = -11*g**2 - 18*g - 8. Let t(a) = u*n(a) + 9*c(a). Give t(-7).
1
Let g(w) = -2 - 48 + 42 - 2*w - 11*w + w**2 + 37. Give g(3).
-1
Suppose 4*d - 34 + 275 = -t, 0 = 3*d + t + 182. Let r = d + 79. Suppose -2*j = 0, 3*p - 8*p = -2*j + r. Let m(l) = l**3 + 4*l**2 - 2*l + 5. Determine m(p).
13
Let l = 96863 - 96869. Let h(g) = -6*g - 10. Let f(x) = -7*x - 11. Let m(p) = -4*f(p) + 5*h(p). Determine m(l).
6
Suppose 3983*i - 3984*i + 3*v = 12, i - v + 4 = 0. Suppose -3*s + 9 = -0*s. Let m(f) = 0*f**2 - s - 4 + f - f**2. Give m(i).
-7
Let g(w) be the third derivative of -w**5/60 - 7*w**4/8 + 7*w**3/3 - 4896*w**2 - w - 2. What is g(-19)?
52
Let p be (3/6)/(4/(-32)). Let h(c) = -1 + 20*c**3 - 55*c**3 + 18*c**3 + 18*c**3 + 6 + 5*c**2 + c. Give h(p).
17
Let j = 64 + -62. Let r(k) = 4*k + 100 - 50 - 53 - k**2. What is r(j)?
1
Let j(p) be the second derivative of -p**5/20 + p**4/2 - 5*p**3/6 - 2*p**2 + 76*p. Let o be j(5). Let g(n) = -n**2 - 4*n. Give g(o).
0
Let f(t) = -17 - 2747*t**2 + 2746*t**2 + 10*t + 3*t. Calculate f(12).
-5
Let l(c) be the second derivative of -c**4/6 + 7*c**3/6 + 22*c. Suppose 5*b + 10 = -k + 3*k, k - 5 = -b. Calculate l(k).
-15
Let c(j) = 108*j + 435. Let n(u) = -35*u - 145. Let p(b) = -6*c(b) - 19*n(b). What is p(-10)?
-25
Let u(q) be the third derivative of q**6/120 + 7*q**5/60 - q**4/4 + 5*q**3/3 - 206*q**2. Let l(x) = -x**2 + 8*x - 20. Let d be l(6). Calculate u(d).
-6
Let q be (73/(-14) + 8/(-28))*(-4)/(-2). Let a(o) = o**3 + 10*o**2 - 7*o + 27. Calculate a(q).
-17
Let l(a) = 43*a - 3. Suppose -3*r + 0*r - 27 = -3*c, -4*c + 28 = 0. Determine l(r).
-89
Let z(m) = m**3 - 9*m**2 - 11*m - 5. Let l(i) = 370*i - 3320. Let p be l(9). Give z(p).
-1